pose 2*h - 4*m = -2*h + 1564, -j = -2*h + 5*m. What is the hundreds digit of h?
3
Let k(h) = -1966*h - 10. Let u be k(-3). Suppose 0 = 36*c - 13*c - u. What is the hundreds digit of c?
2
Let j(i) = 4891*i + 2442. What is the ten thousands digit of j(11)?
5
Suppose 0 = -60*r + 57*r - 3. Let z be ((-12)/9 - r)/((-2)/18). Suppose -n = -i - 126, 2*n + z*i - 7*i = 252. What is the units digit of n?
6
Let x(c) = 26*c**3 - 5*c**2 + 8*c - 42. What is the tens digit of x(6)?
4
Let l = -94 + 99. Suppose -l*b + 6*r + 395 = 8*r, b - 79 = 2*r. Suppose 3*j - 134 = b. What is the units digit of j?
1
Let z(t) = 3*t**2 - 89*t - 1021. What is the ten thousands digit of z(-56)?
1
Let t(w) = -w**3 - 20*w**2 + 39*w - 70. Let p be t(-22). Suppose p*r - 21949 - 16691 = 0. What is the hundreds digit of r?
9
Let i(m) = 108*m - 12. Suppose 8 = -15*y + 17*y. What is the units digit of i(y)?
0
Let w(q) = -q**2 - 18*q - 10. Let a be w(-9). Let l be 12/48 + a/4. Suppose r = l - 14. What is the units digit of r?
4
Let n be (-208)/78*(-570)/(-8). Let f = 931 + n. What is the tens digit of f?
4
Let c(z) = -217*z**3 - 2*z**2 - z. Let u be c(-2). Suppose 4*j = u + 2398. Suppose -9*q - j = -15*q. What is the tens digit of q?
7
Let t(i) = 34*i - 196. Let y be t(6). Suppose 5*z = 7*v - y*v + 747, 2*z = 3*v - 2326. What is the tens digit of v?
7
Suppose -o = -2*p - 18329, 0 = 5*o - p - 90046 - 1581. What is the tens digit of o?
2
Let v = 106 + -109. What is the hundreds digit of (-3 + 500/(-15))*v?
1
Let z = -3680 + 7671. What is the thousands digit of z?
3
Let w(q) = 123*q**3 + 11*q**2 - 41*q + 248. What is the tens digit of w(6)?
6
Suppose 5*y - 4*y = 4*k - 49, 5*y = -3*k + 31. Suppose -o = 2*o - k. Suppose 3*i - g - 416 = o*g, -i + 128 = g. What is the units digit of i?
2
What is the thousands digit of (10 - (-7 + -19280)*1) + 0?
9
Let i(f) = -67*f + 1. Let z be i(-28). Let u = z - 939. What is the hundreds digit of u?
9
Let m = 5389 + -2715. What is the hundreds digit of m?
6
What is the thousands digit of 28 - 15 - 2 - -17839?
7
Let y(m) = m**2 + 18*m + 3. Let x be y(-18). Suppose x*i - 5*d = -0*i + 275, -2*d + 99 = i. What is the units digit of i?
5
Suppose 5*o + 5*r + 50 = 0, 2*o = -3*o - 2*r - 56. What is the units digit of 18/72 + (-2 - 2445/o)?
2
Let t(r) = -210*r + 194. What is the tens digit of t(-12)?
1
Suppose 0 = -3*u - 4*l - 12473 + 132983, -2*u - l + 80340 = 0. What is the thousands digit of u?
0
Suppose 4*o + 4 - 28 = 0, 3*o = -3*g + 27051. What is the tens digit of g?
1
Suppose v - 35 + 19 = 0. Let s = 115 + v. What is the hundreds digit of s?
1
Let y(z) = 5*z**2 + 20*z - 43. Let k be y(-9). Suppose -o + 3*r + k + 149 = 0, -r - 637 = -2*o. What is the hundreds digit of o?
3
Suppose 5*p + 2874 = -p. Let n be (208/40)/((-3)/195). Let z = n - p. What is the hundreds digit of z?
1
Suppose 267*g - 259*g = 7720. What is the hundreds digit of g?
9
Let t(y) = 3 + 3*y**2 - 3*y**2 + 3*y + 5*y**2 + y**3. Let l be t(-4). Suppose -l*i = 141 - 589. What is the units digit of i?
4
Suppose 3*m + 2*m + 32428 = 210553. What is the hundreds digit of m?
6
Let a(k) = -600*k + 3. Let u be a(1). Let p = -415 - u. Suppose -2*t = -p + 54. What is the tens digit of t?
6
Let r(p) = -6017*p - 616. What is the thousands digit of r(-1)?
5
Let s(t) = -2*t**3 + 104*t**2 - 341*t - 163. What is the ten thousands digit of s(41)?
2
Let q(c) = 2*c - 89. Let t(m) = m - 44. Let v(g) = 2*q(g) - 5*t(g). Let l be v(10). Suppose -693 = -l*w + 29*w. What is the tens digit of w?
3
Let h(v) = 45*v**2 - v. Suppose 5*d - 109 = 46. Let f = d - 30. What is the tens digit of h(f)?
4
Suppose 11*m - 4180 = 1771. Let s = 901 - m. What is the units digit of s?
0
Let t(g) = -g**2 + 25*g - 38. Let f be t(16). Let v be f*((7 - -1) + -4). Suppose -v = -0*n - 4*n. What is the hundreds digit of n?
1
Let d(g) = 41 + 20*g - 57 - 57 - 27*g. Let l be d(-11). Suppose -535 = -4*o - l*s - 83, 2*o - 5*s = 191. What is the hundreds digit of o?
1
Suppose -6*p = -5*p - 5*p. Suppose -517*m + 525*m - 10112 = p. What is the tens digit of m?
6
Suppose -2*l - 5*z + 312 = 0, 2*l + z - 297 = 15. Suppose 51*a = 49*a + l. What is the tens digit of a?
7
Suppose 5*s + 50 = 5*r, 0 = -0*s - 3*s - 15. Suppose -5*p = -r*u - 1335, -3*p - 1064 = -7*p + 2*u. What is the tens digit of p?
6
Let u = -11349 - -21211. What is the units digit of u?
2
Let w = -3632 + 22. Let x = -2145 - w. What is the units digit of x?
5
Suppose -2268*a = -2266*a - 29758. What is the ten thousands digit of a?
1
Let w = 534 + -541. Let g(p) = p**3 + 16*p**2 - 2*p - 9. What is the tens digit of g(w)?
4
Suppose -4*y = 8*y - 62400. What is the tens digit of y/15 + 4/12?
4
Let m(r) = -r + 3. Let p be m(-2). Suppose 2*x - 4*c = 6 + 20, -2*x - 1 = p*c. What is the units digit of ((-2)/x)/(3/(-21)) - -39?
1
Let f be 1 - -1 - (-4)/16*-20. Let i = -109 - -136. Let w = i - f. What is the tens digit of w?
3
Let l(q) = 182*q**2 - 267*q + 791. What is the tens digit of l(3)?
2
Let k(m) = 7*m**2 - 4*m - 5. Let r be k(-4). Let g(s) = s**2 - 21*s + 70. Let u be g(17). What is the tens digit of -3 + r - 2/u?
1
What is the ten thousands digit of (-44514)/(-2) - (-117 - -122)?
2
Suppose -4*i - 38218936 = -636*i. What is the hundreds digit of i?
4
Let a = 222 - -295. What is the tens digit of a + (4/16)/((-4)/(-16))?
1
Let q(o) = -4*o + 2. Let m be q(-2). Let n(a) = -5 + 10*a + m + 8. What is the units digit of n(18)?
3
Let t be (-64)/160 - (-2844)/10. Let z = 876 - t. What is the units digit of z?
2
Let o = -1858 + 7553. What is the tens digit of o?
9
Suppose 26*g - 142686 = -7252. What is the thousands digit of g?
5
Let s = 25 - -171. Let m be 4 - -1*(-140 + 1). Let l = s + m. What is the tens digit of l?
6
Suppose 5437 = -5*p + u, 5*p = 2*u - 4682 - 752. Let d = -547 - p. What is the units digit of d?
1
Let p(o) = o**3 + 10*o**2 - o - 2. Suppose -6*l - 110 = 5*l. Let i be p(l). Suppose -i*h + 945 = h. What is the tens digit of h?
0
Let d(h) be the second derivative of -h**5/20 + 23*h**4/12 - h**3/6 + 27*h**2/2 + 27*h. Let y be d(23). What is the units digit of y + 2/(-2) + 223?
6
What is the hundreds digit of 285987/11 - (-20)/44*24/60?
9
Suppose 0 = 5135*p - 5085*p - 98600. What is the hundreds digit of p?
9
Suppose -m - 161 = 309. Let w = 952 + m. What is the tens digit of w?
8
Let a(o) = -o**3 + 6*o**2 + 17*o + 4. Let u be a(8). What is the tens digit of u/4 + (4 - -161)?
6
Let u(y) = -20*y - 7*y + 2 - 24*y. Suppose 178*t - 175*t = -3. What is the units digit of u(t)?
3
Suppose g + 2*g = -1869. Let s = -345 - g. What is the units digit of s?
8
Let o(k) = -18*k - 10. Let q(x) = x**2 - 7*x. Let h be q(0). Let s be h + -7 - 0/(-12). What is the hundreds digit of o(s)?
1
Let s(y) = 13*y**2 + 77*y + 805. What is the hundreds digit of s(-29)?
5
Let m(l) = 17*l**3 - 2*l**2 + 6*l + 3. Let r be m(-2). Let c = 251 + r. What is the tens digit of c?
9
Let v(c) = 13*c**2 - 88*c - 503. What is the ten thousands digit of v(-28)?
1
Suppose 15*b = 17*b - 40. Suppose b*s - 4*s = 4560. What is the units digit of s?
5
Let a = 1770 + -1631. What is the units digit of a?
9
Let a be (4/(-3) - (-24)/72)/1. Let v(c) = -1344*c**3 + 3*c**2 - 5*c - 6. What is the hundreds digit of v(a)?
3
Suppose -21*b - b + 462 = 0. What is the tens digit of 15399/b - 14/49?
3
Let n(p) = 315*p + 266. What is the thousands digit of n(59)?
8
Suppose 1377490 = 210*r - 1116627 - 2131343. What is the ten thousands digit of r?
2
Let k be (-52)/(-5) - 9/(-15). Suppose -7 - 37 = -k*y. Suppose 2*t - t + 3 = 0, 4*t = y*m - 20. What is the units digit of m?
2
Suppose 4*h + 2*b - 294 = 0, 2*b + 156 = 2*h + 6*b. Let a = 92 - h. What is the hundreds digit of 2415/a - (-1)/4?
1
Let p be -2*((-1)/2 - (-1020)/(-8)). Let t = p + -533. Let q = -127 - t. What is the hundreds digit of q?
1
Let r be -4*(-6)/(-204) + 53/17. Let m(a) = 73*a - 23. What is the hundreds digit of m(r)?
1
Let f be ((-1)/(-2))/(-2 - 9845/(-4920)). Suppose -160 = -2*o + 3*h + 33, -5*o - 2*h = -f. Let d = 214 - o. What is the hundreds digit of d?
1
What is the tens digit of (1972/119 + -17)/((-1)/175)?
7
Let u(b) = b**3 - 3*b**2 - 6*b + 6. Let l be u(4). Suppose 8*y + 56 = -6*y. What is the units digit of 44 - (y/(-4) + l)?
5
Suppose 26*r = 9*r + 8211. Let k = 1991 - r. What 